9
What is the thousands digit of 5520?
5
What is the hundreds digit of 8783?
7
What is the units digit of 18102?
2
What is the units digit of 563?
3
What is the hundreds digit of 19782?
7
What is the tens digit of 290?
9
What is the units digit of 4292?
2
What is the tens digit of 68?
6
What is the tens digit of 572?
7
What is the units digit of 805?
5
What is the tens digit of 1462?
6
What is the hundreds digit of 16982?
9
What is the thousands digit of 115101?
5
What is the thousands digit of 4710?
4
What is the tens digit of 45962?
6
What is the tens digit of 4708?
0
What is the tens digit of 8786?
8
What is the units digit of 2947?
7
What is the thousands digit of 3956?
3
What is the units digit of 14162?
2
What is the thousands digit of 1590?
1
What is the units digit of 477?
7
What is the units digit of 2586?
6
What is the hundreds digit of 30463?
4
What is the tens digit of 351?
5
What is the tens digit of 1695?
9
What is the hundreds digit of 548?
5
What is the tens digit of 410?
1
What is the units digit of 38739?
9
What is the units digit of 3484?
4
What is the thousands digit of 1347?
1
What is the tens digit of 18566?
6
What is the tens digit of 1274?
7
What is the ten thousands digit of 59809?
5
What is the units digit of 20?
0
What is the tens digit of 32365?
6
What is the thousands digit of 2944?
2
What is the thousands digit of 3504?
3
What is the hundreds digit of 384?
3
What is the units digit of 12859?
9
What is the hundreds digit of 1124?
1
What is the hundreds digit of 1858?
8
What is the ten thousands digit of 16840?
1
What is the hundreds digit of 934?
9
What is the thousands digit of 40117?
0
What is the hundreds digit of 157?
1
What is the thousands digit of 3887?
3
What is the hundreds digit of 4055?
0
What is the hundreds digit of 1038?
0
What is the hundreds digit of 1781?
7
What is the units digit of 4580?
0
What is the tens digit of 29110?
1
What is the units digit of 1405?
5
What is the units digit of 337?
7
What is the thousands digit of 1081?
1
What is the thousands digit of 18813?
8
What is the units digit of 2559?
9
What is the thousands digit of 1908?
1
What is the units digit of 75?
5
What is the units digit of 3481?
1
What is the thousands digit of 39196?
9
What is the units digit of 15746?
6
What is the hundreds digit of 5862?
8
What is the tens digit of 925?
2
What is the ten thousands digit of 26774?
2
What is the hundreds digit of 2697?
6
What is the hundreds digit of 13365?
3
What is the thousands digit of 128212?
8
What is the units digit of 227?
7
What is the tens digit of 17929?
2
What is the hundreds digit of 52926?
9
What is the thousands digit of 16059?
6
What is the thousands digit of 22156?
2
What is the thousands digit of 19723?
9
What is the units digit of 6247?
7
What is the units digit of 292?
2
What is the hundreds digit of 16766?
7
What is the units digit of 15255?
5
What is the thousands digit of 2238?
2
What is the units digit of 624?
4
What is the units digit of 69201?
1
What is the tens digit of 33218?
1
What is the units digit of 43322?
2
What is the tens digit of 4906?
0
What is the units digit of 1761?
1
What is the hundreds digit of 1380?
3
What is the ten thousands digit of 34470?
3
What is the hundreds digit of 30862?
8
What is the tens digit of 746?
4
What is the hundreds digit of 15321?
3
What is the hundreds digit of 189235?
2
What is the tens digit of 56?
5
What is the units digit of 2634?
4
What is the tens digit of 3327?
2
What is the ten thousands digit of 16320?
1
What is the ten thousands digit of 25059?
2
What is the hundreds digit of 20133?
1
What is the hundreds digit of 4869?
8
What is the tens digit of 894?
9
What is the units digit of 4310?
0
What is the hundreds digit of 12682?
6
What is the units digit of 1635?
5
What is the units digit of 11312?
2
What is the units digit of 64140?
0
What is the hundreds digit of 3597?
5
What is the tens digit of 2195?
9
What is the ten thousands digit of 27534?
2
What is the hundreds digit of 1303?
3
What is the tens digit of 95?
9
What is the thousands digit of 1785?
1
What is the hundreds digit of 109?
1
What is the hundreds digit of 197585?
5
What is the hundreds digit of 367?
3
What is the tens digit of 2596?
9
What is the hundreds digit of 1548?
5
What is the hundreds digit of 2335?
3
What is the hundreds digit of 11833?
8
What is the hundreds digit of 12312?
3
What is the ten thousands digit of 12071?
1
What is the tens digit of 3040?
4
What is the hundreds digit of 7091?
0
What is the units digit of 9949?
9
What is the thousands digit of 1809?
1
What is the hundreds digit of 19979?
9
What is the ten thousands digit of 15034?
1
What is the units digit of 2344?
4
What is the tens digit of 124903?
0
What is the units digit of 988?
8
What is the units digit of 4503?
3
What is the units digit of 390?
0
What is the units digit of 3266?
6
What is the tens digit of 943?
4
What is the thousands digit of 13231?
3
What is the tens digit of 80?
8
What is the tens digit of 138?
3
What is the hundreds digit of 76574?
5
What is the thousands digit of 84013?
4
What is the tens digit of 77892?
9
What is the tens digit of 7679?
7
What is the tens digit of 29429?
2
What is the tens digit of 6171?
7
What is the units digit of 4280?
0
What is the units digit of 26469?
9
What is the units digit of 396?
6
What is the units digit of 31556?
6
What is the tens digit of 3345?
4
What is the tens digit of 7308?
0
What is the thousands digit of 5714?
5
What is the units digit of 397?
7
What is the tens digit of 6106?
0
What is the tens digit of 5153?
5
What is the hundreds digit of 363?
3
What is the thousands digit of 76534?
6
What is the thousands digit of 12706?
2
What is the tens digit of 2480?
8
What is the tens digit of 984?
8
What is the units digit of 13505?
5
What is the units digit of 861?
1
What is the thousands digit of 28298?
8
What is the units digit of 84?
4
What is the tens digit of 2799?
9
What is the units digit of 6229?
9
What is the hundreds digit of 875?
8
What is the hundreds digit of 695?
6
What is the units digit of 176648?
8
What is the hundreds digit of 575?
5
What is the tens digit of 10488?
8
What is the tens digit of 3671?
7
What is the hundreds digit of 2574?
5
What is the tens digit of 2034?
3
What is the tens digit of 1114?
1
What is the thousands digit of 12557?
2
What is the hundreds digit of 21533?
5
What is the units digit of 694?
4
What is the tens digit of 14456?
5
What is the hundreds digit of 12020?
0
What is the units digit of 5428?
8
What is the units digit of 1168?
8
What is the units digit of 40978?
8
What is the hundreds digit of 134?
1
What is the units digit of 29224?
4
What is the units digit of 3555?
5
What is the tens digit of 4579?
7
What is the hundreds digit of 10988?
9
What is the tens digit of 120?
2
What is the thousands digit of 5392?
5
What is the hundreds digit of 10850?
8
What is the units digit of 135606?
6
What is the units digit of 20962?
2
What is the tens digit of 3515?
1
What is the tens digit of 413?
1
What is the thousands digit of 5183?
5
What is the units digit of 207324?
4
What is the units digit of 854?
4
What is the hundreds digit of 5471?
4
What is the units digit of 1615?
5
What is the hundreds digit of 11279?
2
What is the hundreds digit of 1662?
6
What is the thousands digit of 20597?
0
What is the thousands digit of 1172?
1
What is the units digit of 1114?
4
What is the tens digit of 42706?
0
What is the hundreds digit of 26866?
8
What is the thousands digit of 86210?
6
What is the thousands digit of 164535?
4
What is the thousands digit of 3379?
3
What is the hundreds digit of 3339?
3
What is the thousands digit of 16776?
6
What is the units digit of 1485?
5
What is the thousands digit of 1066?
1
What is the units digit of 9491?
1
What is the hundreds digit of 1608?
6
What is the tens digit of 3317?
1
What is the thousands digit of 71251?
1
What is the thousands digit of 1327?
1
What is the tens digit of 1347?
4
What is the hundreds digit of 53264?
2
What is the thousands digit of 2544?
2
What is the units digit of 1898?
8
What is the tens digit of 25406?
0
What is the units digit of 144882?
2
What is the hundreds digit of 16605?
6
What is the tens digit of 601?
0
Wh